et a be (-4)/14 + (-94)/14. Let x(c) = c**3 + 6*c**2 - 9*c - 8. Let v be x(a). Let i be (-1 - (-12 - 0)) + -2. Calculate the highest common factor of i and v.
3
Suppose 2*h - 10 = -r + 3*r, 4*r = 2*h - 20. Let i(x) = -x**3 + x**2 + 5. Let j be i(h). Calculate the greatest common factor of 50 and j.
5
Let d = -239 - -400. What is the highest common factor of 23 and d?
23
Let n = -3 - -5. Let a = 0 + n. Calculate the greatest common divisor of 10 and a.
2
Let l(a) = a + 14. Let w be l(-9). Calculate the greatest common divisor of w and 5.
5
Let w be ((-9)/((-45)/20))/2. Calculate the greatest common divisor of 5 and w.
1
Let k = 15 + -4. Let l(b) = 6*b**2 + b - 4. Let p be l(-4). Calculate the greatest common divisor of k and p.
11
Let n be 2*(-1 + 141/6). What is the highest common divisor of 9 and n?
9
Let a be -3*(6/(-2) - 0). Suppose 0 = -2*h - 1 + 5. Let w(f) = -f + 3. Let x be w(h). What is the greatest common divisor of a and x?
1
Suppose -23 - 43 = -q. Calculate the greatest common factor of q and 6.
6
Let r be -1*(-6 + 3 - 33). What is the greatest common factor of r and 4?
4
Let y(v) = 3*v**3 + v**2 - 2*v + 1. Let k be y(3). What is the highest common factor of k and 17?
17
Suppose 1 + 14 = -5*r. Let l be -3 + (-20)/(r + -1). What is the highest common factor of l and 10?
2
Let o(v) = v**2 - 7*v + 6. Let l be o(5). Let c(f) = -3*f. Let t be c(l). Calculate the greatest common divisor of t and 60.
12
Let j(r) = 13*r + 2. Let b be j(1). Suppose -v = v. Let t be (v - -10)/(2 - 1). Calculate the greatest common divisor of t and b.
5
Let z(g) = 5*g**2 - 15*g + 15. Let k be z(5). What is the greatest common factor of k and 13?
13
Suppose d + 4*d + 2*a - 25 = 0, -15 = 3*a. What is the highest common factor of 63 and d?
7
Let p(w) = -2*w**3 + 10*w**2 - 4. Let a be p(4). Suppose 82 = 2*x + f - 59, 3*x = -f + 211. What is the greatest common divisor of x and a?
14
Let z be 4/(4/(-11))*2. Let r be 30/(-2 - z/8). Calculate the greatest common factor of r and 60.
20
Let c = -12 - -14. Suppose -26 = c*y - 3*y. Let h be 13*(-1*1 + 4). What is the greatest common divisor of h and y?
13
Suppose -58 = -5*s + 62. What is the greatest common factor of s and 48?
24
Suppose 0*m + m - 1 = 0. Suppose -4*b + m = -7. Suppose 3*t = b*u + 3*u - 408, -3*u - 2*t = -241. Calculate the highest common factor of 9 and u.
9
Let s = 6 - 9. Let b be 1 + 2 + -3 - s. Suppose -3*p = -7 + 1. What is the greatest common factor of p and b?
1
Let k(f) = 6*f + 5*f - 3*f + 2*f. Let m be k(1). What is the greatest common divisor of 110 and m?
10
Let u = -44 - -62. What is the greatest common factor of u and 90?
18
Let q be 1/7 + 624/42. What is the highest common divisor of 135 and q?
15
Let v be (91 - 1 - -2) + -1. What is the greatest common factor of 13 and v?
13
Suppose 4*u + 104 = 5*u. Calculate the greatest common divisor of u and 8.
8
Let v be (-42)/70 + (-116)/(-10). Let p = -73 - -161. What is the highest common factor of p and v?
11
Let q(l) = -7*l + 2. Let u be q(-6). Calculate the highest common divisor of u and 33.
11
Let x(k) = 18*k**2 - 2*k + 4. Let r be x(2). What is the greatest common factor of r and 8?
8
Let u(g) = g**3 + 2*g**2 + 7*g + 2. Let r be u(4). What is the highest common factor of r and 14?
14
Let w = 18 - 14. Suppose -3*g + w = -35. Calculate the highest common factor of g and 13.
13
Suppose -4*w + 4*z - 36 = -0*w, 4*w + z + 31 = 0. Let p = w - -14. What is the greatest common divisor of 48 and p?
6
Let b(s) = s**2 - 22*s - 83. Let y be b(26). Calculate the greatest common factor of 252 and y.
21
Let w be -24*(-1)/(-3 + 4). Let v be ((-16)/w)/((-4)/18). Calculate the greatest common divisor of v and 1.
1
Let j(d) = -d**3 - 15*d**2 - 48*d - 4. Let r be j(-11). Calculate the highest common divisor of 24 and r.
8
Suppose 28*q = 9*q + 5320. Calculate the greatest common divisor of 40 and q.
40
Let z = 26 + -14. Suppose -2*v + 204 = 4*m, -2*m - 2 + 8 = 0. What is the highest common divisor of z and v?
12
Let o be (27/1)/((-3)/(-4)). Suppose 5*i - i = 3*w - 19, -20 = 5*i. Suppose 5*t - 1 = -l - 0*l, -t - w = 0. Calculate the highest common divisor of o and l.
6
Let z(n) be the first derivative of n**3/3 - 3*n**2/2 - 3*n - 2. Let q be z(5). Suppose -4*s + 134 + 118 = 0. Calculate the highest common divisor of s and q.
7
Let t(g) = g**2 - 2. Suppose 5*a - f = -22, -a + f + 1 = 7. Let c be t(a). Let q = 33 - c. What is the greatest common divisor of 38 and q?
19
Let i = 31 + 34. Calculate the greatest common factor of 26 and i.
13
Let z(s) = s**2 + s + 3. Let m be z(-3). Let j = m + -6. Suppose -5*f + 19 = 2*l, -2*f - f + 3 = -j*l. What is the greatest common factor of l and 4?
2
Suppose -k + 50 = 4*k. What is the greatest common factor of k and 30?
10
Let b be (-164)/(-3) - (-4)/(-6). Let u = 34 + -20. Suppose -u = 4*o - 86. What is the greatest common factor of o and b?
18
Let i be -2*(-3)/15*(63 + -3). What is the highest common divisor of 3 and i?
3
Let y be (-1)/(1/(-2)) - -23. Let h = y + -9. What is the highest common factor of h and 112?
16
Suppose 2*b = -b - 45. Let h be (34/(-3))/(10/b). Suppose -3*a + 351 - 96 = 0. What is the highest common divisor of a and h?
17
Suppose -4*x = -4*s - 12, -2*s + 4*x = 7 + 9. Suppose -s*v + v + 48 = -2*j, 0 = -3*v - 5*j + 100. Calculate the greatest common divisor of v and 16.
8
Suppose 3*j + 162 = 888. Let f(l) = 22*l**2. Let c be f(1). Calculate the greatest common factor of c and j.
22
Let v(y) = -y + 22. Let m be v(8). Calculate the highest common divisor of 2 and m.
2
Suppose 0 = t - 3*r - 14, -t = -r + 11 - 29. Let g be 1/(2 - (-9)/(-6)). Suppose 40 = 2*j + g*j. What is the greatest common factor of t and j?
10
Let z(c) be the first derivative of c**4/2 - 2*c**2 + 3*c - 1. Let x be z(2). What is the highest common factor of 11 and x?
11
Let l be 140*((-21)/6)/(-7). Let x = l - 35. What is the greatest common factor of x and 14?
7
Let p(t) = 8*t + 7. Let r be p(-4). Let i = r - -27. What is the highest common divisor of 2 and i?
2
Suppose -s - 210 = -2*c - 5*s, 4*c = 3*s + 475. Calculate the greatest common factor of 23 and c.
23
Suppose g = 1, -4*g = -4*p + g + 79. Let a be 3375/p + (-6)/(-21). Calculate the highest common factor of a and 23.
23
Let z = -209 - -234. Let g be (1 + -103)/(-2) - 1. Calculate the highest common factor of g and z.
25
Suppose 3*t - 152 = -4*c, t + 4*t = -3*c + 257. Let r = -116 + 195. Let f = r - t. Calculate the highest common divisor of f and 18.
9
Let o be 16 + (-3)/((-6)/(-8)). Let s = 172 - 88. What is the greatest common divisor of o and s?
12
Suppose 26 = -5*o + 176. Calculate the greatest common factor of o and 45.
15
Let i be (3/(-4))/((-15)/40). Suppose 2*t - t - i = 0. Suppose 0 = t*v + 3*v - 275. Calculate the greatest common factor of 11 and v.
11
Let j(t) = -t**3 - 23*t**2 + 50*t + 29. Let w be j(-25). Calculate the greatest common divisor of w and 319.
29
Suppose 3*c = -2*w + 13, w + 19 = 3*w - 3*c. Calculate the highest common factor of 88 and w.
8
Suppose -5*f + 61 = -9. Let a = 88 - 39. Let k = a + -21. What is the highest common divisor of k and f?
14
Suppose 0 = 2*w + 3 - 15. What is the greatest common divisor of w and 4?
2
Let g(k) = -4*k + 2 + 3 - 1 + 2*k**2 + 0. Let z be g(4). Calculate the greatest common divisor of z and 60.
20
Suppose 0*t + 6*t - 252 = 0. Calculate the greatest common divisor of t and 14.
14
Let p = 74 - 30. Calculate the greatest common divisor of p and 11.
11
Let w be 2/(-3) - (-303)/9. What is the highest common divisor of 11 and w?
11
Let s be 5*(10 - 13 - (-74)/10). What is the greatest common factor of 121 and s?
11
Suppose 2*l = 6*l + 4*y - 896, -4*y - 1120 = -5*l. Suppose p - l = -p. What is the highest common divisor of p and 16?
16
Let d = 93 - 66. What is the highest common divisor of d and 513?
27
Let s be ((-11)/((-55)/(-10)))/(4/(-22)). Calculate the greatest common divisor of 121 and s.
11
Let p(x) = x**3 + 5*x**2 + 5*x. Let u be p(-4). Let w be (-4 - -2)/(u/18). Calculate the greatest common factor of w and 81.
9
Let r(a) = 27*a**2 + 2*a - 3. Let t be r(1). Calculate the greatest common factor of t and 234.
26
Let l = -3 + 5. Let t = 21 - 13. What is the highest common divisor of l and t?
2
Let d(x) = x**2 + 310. Let f 